 {"id":135,"date":"2020-08-30T22:37:44","date_gmt":"2020-08-30T20:37:44","guid":{"rendered":"http:\/\/simratyogaworld.com\/programok\/tanfolyamaim\/"},"modified":"2020-11-03T11:32:46","modified_gmt":"2020-11-03T10:32:46","slug":"vasarlasaim","status":"publish","type":"page","link":"https:\/\/simratyogaworld.com\/programok\/vasarlasaim\/","title":{"rendered":"V\u00e1s\u00e1rl\u00e1saim"},"content":{"rendered":"\t\t<div id=\"my-courses\">\n\t\t\t\t\t\t<div class=\"col2-set\" id=\"customer_login\">\n\n\t\t\t\t<div class=\"col-1\">\n\t\t\t\t\t\n<h2>Bejelentkez\u00e9s<\/h2>\n\n<form method=\"post\" name=\"sensi-login-form\" id=\"loginform\" class=\"login sensei\">\n\n\t\n\t<p class=\"sensei-login-username form-row form-row-wide\">\n\n\t\t\t\t<label for=\"sensei_user_login\">Felhaszn\u00e1l\u00f3n\u00e9v vagy Email <\/label>\n\n\t\t\t\t<input type=\"text\" name=\"log\" id=\"sensei_user_login\" class=\"input input-text\" value=\"\" size=\"20\">\n\n\t<\/p>\n\n\t<p class=\"sensei-login-password form-row form-row-wide\">\n\n\t\t\t\t<label for=\"sensei_user_pass\"> Jelsz\u00f3  <\/label>\n\n\t\t\t\t<input type=\"password\" name=\"pwd\" id=\"sensei_user_pass\" class=\"input txt text input-text\" value=\"\" size=\"20\">\n\n\t<\/p>\n\n\t\n\t<p class='sensei-login-submit'>\n\n\t\t<input type=\"submit\" class=\"button wp-element-button\" name=\"login\" value=\"Bejelentkez\u00e9s\" \/>\n\n\t\t<a href=\"https:\/\/simratyogaworld.com\/programok\/fiokom\/elfelejtett-jelszo\/\">Elfelejtetted a jelszavad?<\/a>\n\n\t<\/p>\n\n\t<p class='remember_me' >\n\n\t\t<label for=\"rememberme\" class=\"inline\">\n\n\t\t\t<input name=\"rememberme\" type=\"checkbox\" id=\"rememberme\" value=\"forever\" \/> Eml\u00e9kezz r\u00e1m\n\t\t<\/label>\n\n\t<\/p>\n\n\t\n\t<input type=\"hidden\" id=\"_wpnonce\" name=\"_wpnonce\" value=\"314557e97e\" \/><input type=\"hidden\" name=\"_wp_http_referer\" value=\"\/programok\/wp-json\/wp\/v2\/pages\/135\" \/>\n\t<input type=\"hidden\" name=\"redirect\" value=\"https:\/\/simratyogaworld.com\/programok\/wp-json\/wp\/v2\/pages\/135\" \/>\n\n\t<input type=\"hidden\" name=\"form\" value=\"sensei-login\" \/>\n\n\t<div class=\"clear\"><\/div>\n\n<\/form>\n\n\t\t\t\t<\/div>\n\n\t\t\t\t\t\t<\/div>\n\t\t<\/div>\n\n\t\t\n","protected":false},"excerpt":{"rendered":"","protected":false},"author":1,"featured_media":0,"parent":0,"menu_order":31,"comment_status":"closed","ping_status":"closed","template":"","meta":{"_et_pb_use_builder":"","_et_pb_old_content":"","_et_gb_content_width":"","footnotes":""},"class_list":["post-135","page","type-page","status-publish","hentry"],"aioseo_notices":[],"_links":{"self":[{"href":"https:\/\/simratyogaworld.com\/programok\/wp-json\/wp\/v2\/pages\/135","targetHints":{"allow":["GET"]}}],"collection":[{"href":"https:\/\/simratyogaworld.com\/programok\/wp-json\/wp\/v2\/pages"}],"about":[{"href":"https:\/\/simratyogaworld.com\/programok\/wp-json\/wp\/v2\/types\/page"}],"author":[{"embeddable":true,"href":"https:\/\/simratyogaworld.com\/programok\/wp-json\/wp\/v2\/users\/1"}],"replies":[{"embeddable":true,"href":"https:\/\/simratyogaworld.com\/programok\/wp-json\/wp\/v2\/comments?post=135"}],"version-history":[{"count":2,"href":"https:\/\/simratyogaworld.com\/programok\/wp-json\/wp\/v2\/pages\/135\/revisions"}],"predecessor-version":[{"id":714,"href":"https:\/\/simratyogaworld.com\/programok\/wp-json\/wp\/v2\/pages\/135\/revisions\/714"}],"wp:attachment":[{"href":"https:\/\/simratyogaworld.com\/programok\/wp-json\/wp\/v2\/media?parent=135"}],"curies":[{"name":"wp","href":"https:\/\/api.w.org\/{rel}","templated":true}]}}